{"id":2970,"date":"2011-10-21T17:01:22","date_gmt":"2011-10-21T15:01:22","guid":{"rendered":"http:\/\/www.weinstrassesued.com\/?page_id=2970"},"modified":"2011-10-21T17:06:22","modified_gmt":"2011-10-21T15:06:22","slug":"vereinsprasidenten","status":"publish","type":"page","link":"http:\/\/www.weinstrassesued.com\/?page_id=2970","title":{"rendered":"Vereinspr\u00e4sidenten"},"content":{"rendered":"<p><strong>Vereinspr\u00e4sidenten seit der Gr\u00fcndung<\/strong><\/p>\n<p>1957 \u2013 1962 Hans Anrather<\/p>\n<p>1962 \u2013 1966 Erwin Pomella<\/p>\n<p>1966 \u2013 1974 Arnold Pomella<\/p>\n<p>1974 \u2013 1977 Reinhold Scartezzini<\/p>\n<p>1977 &#8211; 1980 Emmerich Gruber<\/p>\n<p>1980 \u2013 2001 Otto Mayr<\/p>\n<p>2001 \u2013 2004 Stefan Kofler<\/p>\n<p>2004 \u2013 2005 Manfred Terzer<\/p>\n<p>2005 &#8211; 2008 Roland Gabasch<\/p>\n<p>2008 \u2013 2010 Rupert Fischer<\/p>\n<p>seit 2010 Stefan Gruber<\/p>\n","protected":false},"excerpt":{"rendered":"<p>Vereinspr\u00e4sidenten seit der Gr\u00fcndung 1957 \u2013 1962 Hans Anrather 1962 \u2013 1966 Erwin Pomella 1966 \u2013 1974 Arnold Pomella 1974 \u2013 1977 Reinhold Scartezzini 1977 &#8211; 1980 Emmerich Gruber 1980 \u2013 2001 Otto Mayr 2001 \u2013 2004 Stefan Kofler 2004 \u2013 2005 Manfred Terzer 2005 &#8211; 2008 Roland Gabasch 2008 [&hellip;]<\/p>\n","protected":false},"author":12,"featured_media":0,"parent":0,"menu_order":0,"comment_status":"open","ping_status":"open","template":"","meta":[],"_links":{"self":[{"href":"http:\/\/www.weinstrassesued.com\/index.php?rest_route=\/wp\/v2\/pages\/2970"}],"collection":[{"href":"http:\/\/www.weinstrassesued.com\/index.php?rest_route=\/wp\/v2\/pages"}],"about":[{"href":"http:\/\/www.weinstrassesued.com\/index.php?rest_route=\/wp\/v2\/types\/page"}],"author":[{"embeddable":true,"href":"http:\/\/www.weinstrassesued.com\/index.php?rest_route=\/wp\/v2\/users\/12"}],"replies":[{"embeddable":true,"href":"http:\/\/www.weinstrassesued.com\/index.php?rest_route=%2Fwp%2Fv2%2Fcomments&post=2970"}],"version-history":[{"count":4,"href":"http:\/\/www.weinstrassesued.com\/index.php?rest_route=\/wp\/v2\/pages\/2970\/revisions"}],"predecessor-version":[{"id":2974,"href":"http:\/\/www.weinstrassesued.com\/index.php?rest_route=\/wp\/v2\/pages\/2970\/revisions\/2974"}],"wp:attachment":[{"href":"http:\/\/www.weinstrassesued.com\/index.php?rest_route=%2Fwp%2Fv2%2Fmedia&parent=2970"}],"curies":[{"name":"wp","href":"https:\/\/api.w.org\/{rel}","templated":true}]}}

Vereinspräsidenten

<p><strong>Vereinspräsidenten seit der Gründung</strong></p>
<p>1957 – 1962 Hans Anrather</p>
<p>1962 – 1966 Erwin Pomella</p>
<p>1966 – 1974 Arnold Pomella</p>
<p>1974 – 1977 Reinhold Scartezzini</p>
<p>1977 &#8211; 1980 Emmerich Gruber</p>
<p>1980 – 2001 Otto Mayr</p>
<p>2001 – 2004 Stefan Kofler</p>
<p>2004 – 2005 Manfred Terzer</p>
<p>2005 &#8211; 2008 Roland Gabasch</p>
<p>2008 – 2010 Rupert Fischer</p>
<p>seit 2010 Stefan Gruber</p>

<p>Vereinspräsidenten seit der Gründung 1957 – 1962 Hans Anrather 1962 – 1966 Erwin Pomella 1966 – 1974 Arnold Pomella 1974 – 1977 Reinhold Scartezzini 1977 &#8211; 1980 Emmerich Gruber 1980 – 2001 Otto Mayr 2001 – 2004 Stefan Kofler 2004 – 2005 Manfred Terzer 2005 &#8211; 2008 Roland Gabasch 2008 [&hellip;]</p>
