{"id":2924,"date":"2011-10-21T07:28:54","date_gmt":"2011-10-21T05:28:54","guid":{"rendered":"http:\/\/www.weinstrassesued.com\/?page_id=2924"},"modified":"2011-10-21T16:54:57","modified_gmt":"2011-10-21T14:54:57","slug":"die-sportstatten-des-fusballvereins-kurtatsch","status":"publish","type":"page","link":"http:\/\/www.weinstrassesued.com\/?page_id=2924","title":{"rendered":"Die Sportst\u00e4tten des Fu\u00dfballvereins Kurtatsch"},"content":{"rendered":"<p style=\"text-align: justify;\">Alles hatte seinen Anfang in den fr\u00fchen 50er Jahren. Als sich das Leben nach dem verheerenden 2. Weltkrieg wieder zu normalisieren begann, versp\u00fcrten einige Jugendliche, allen voran Peer Max und Pomella Erwin, die Lust den damals sehr an Popularit\u00e4t gewonnenen Sport Fu\u00dfball (Deutschland wurde \u201954 das erste Mal Weltmeister) auszu\u00fcben. Im Gegensatz zu den benachbarten Gemeinden Margreid und Tramin verf\u00fcgte Kurtatsch damals noch nicht \u00fcber ein eigenes Fu\u00dfballfeld. Somit musste mit einer frisch gem\u00e4hten (oder auch nicht) \u201eStrebwiesn\u201c auf den sogenannten Gemeindem\u00f6sern vorliebgenommen werden. Im Jahre \u201958 (es war die fu\u00dfballerische Geburtsstunde des bis heute unvergleichbaren Brasilianers Pel\u00e8) wurde der \u00f6rtliche Fu\u00dfballklub unter der Bezeichnung \u201eS\u00fcdtiroler Sportverein Kurtatsch\u201c gegr\u00fcndet. Da das Spielfeld in Kurtatsch in keinster Weise den Fu\u00dfballnormen entsprach, musste man in den ersten Jahren nach Margreid und Tramin ausweichen. Nach m\u00fchseligen Verhandlungen mit der Gemeindeverwaltung von Kurtatsch unter der Leitung des damaligen B\u00fcrgermeisters Vigil Peer, wurde dem Sportverein offiziell ein Grundst\u00fcck auf den Gemeindem\u00f6sern zugewiesen. Da der Verein selbst f\u00fcr die Planierungsarbeiten aufkommen musste und die Geldmittel sehr begrenzt waren, glich der Fu\u00dfballplatz eher einem Kartoffelacker als einem Spielfeld. Nichtsdestotrotz ging man daran, auch die ersten Umkleidekabinen zu bauen und die legend\u00e4ren Pappeln rings um das Spielfeld zu pflanzen. Mit dem nun eigenen Heimplatz kam schlie\u00dflich auch der sportliche Erfolg. So stieg die Kurtatscher Mannschaft 1966 erstmals in die II. Amateurliga auf. Da der Platz f\u00fcr das nun etwas h\u00f6here Niveau verst\u00e4ndlicherweise nicht mehr den Anspr\u00fcchen gerecht wurde, bearbeitete man ihn 1966 nochmals \u2013 diesmal gr\u00fcndlich und h\u00e4ndisch. Der Fu\u00dfballsport wurde nun immer mehr perfektioniert und damit auch zeitaufwendiger. Um alle erforderlichen Trainingseinheiten unterzubringen, wurde 1969 die erste Beleuchtungsanlage, mittels eines rudiment\u00e4ren Stromaggregates betrieben, installiert. Es war eine der ersten\u00a0Flutlichtanlagen des Landes. Rund zehn Jahre sp\u00e4ter wurde mit dem Bau der neuen Umkleidekabinen begonnen.\u00a0Nachdem die alten Kabinen im Moor zu versinken drohten, wollte man sie diesmal besser und leichter bauen\u00a0\u2013 was jedoch nicht wirklich gelang. Zur selben Zeit wurden die zur Gefahr werdenden Pappeln entfernt und\u00a0zwei Jahre sp\u00e4ter wurde die Flutlichtanlage erneuert. Die daf\u00fcr notwendigen Masten wurden vom damaligen\u00a0linken Sturml\u00e4ufer, Pr\u00e4sident und Schlosser Emmerich Gruber sehr g\u00fcnstig angefertigt. Da der Zahn der Zeit\u00a0auch an den zweiten Umkleidekabinen nagte und auch diese immer weiter im Torfboden versanken, beschloss\u00a0die Gemeindeverwaltung mit B\u00fcrgermeister Oswald Schiefer an der Spitze 1988 die Errichtung eines neuen\u00a0Sportplatzes an einer anderen Stelle. Nach Standortwahl, Bauleitplan\u00e4nderung, Grundenteignung usw. wurde 1991 mit dem Bau der neuen Sportanlage in Breitbach begonnen. In zweij\u00e4hriger Bauzeit wurde diese einmalige und wundersch\u00f6ne Anlage samt herrlichem Rasen erbaut. F\u00fcr die Pflege des Gr\u00fcns und die Erhaltung des Geb\u00e4udes wurde nun ein Platzwart in der Person Oskar Mayrs angestellt. Die Kosten f\u00fcr die nunmehr strombetriebene Flutlichtanlage und f\u00fcr das Entgelt des Platzwartes muss der Fu\u00dfballverein selbst aufkommen. Somit steht neben dem sportlichen Einsatz das Aufbringen der nicht unerheblichen finanziellen Mittel durch die Suche nach Sponsoren und das Organisieren von Veranstaltungen im Mittelpunkt der Vereinsf\u00fchrung und deren Mitgliedern. Zumal dies aber bei Weitem nicht zur Kostendeckung ausreicht, ist der Verein auch auf die gro\u00dfz\u00fcgige finanzielle Unterst\u00fctzung der Gemeindeverwaltung angewiesen. Dass die Sportst\u00e4tte von Kurtatsch auch nach nunmehr 15 Jahren als eine der sch\u00f6nsten und bestgepflegtesten Anlagen des Landes gilt, ist Beweis f\u00fcr die sehr gute Zusammenarbeit des Fu\u00dfballklubs mit der Bev\u00f6lkerung und der Gemeinde. Seit dem Zusammenschluss der drei D\u00f6rfer Kurtatsch, Margreid und Kurtinig zum Verein \u201eWeinstrasse S\u00fcd\u201c im\u00a0Jahr 2000 ist jedoch das zeitliche und r\u00e4umliche Unterbringen von Trainingseinheiten und Meisterschaftsspielen\u00a0(14 Mannschaften, 150 Kinder und 100 Erwachsene) zu einem gro\u00dfen Problem geworden. Dieser Aufgabe gerecht zu werden und dabei das Spielfeld in seinem guten Zustand zu erhalten, ist auch durch die M\u00f6glichkeit der Ben\u00fctzung der Sportpl\u00e4tze von Margreid und Kurtinig leider nicht m\u00f6glich. Daher arbeitet die Vereinsf\u00fchrung von Kurtatsch in Zusammenarbeit mit B\u00fcrgermeister und Sportreferenten an der Realisierung eines Trainingsplatzes mit Kunstrasenbelag oberhalb der bestehenden Sportzone. Auf diese Weise k\u00f6nnte das Training bei jeder Witterung garantiert werden. Dass dieses neue herausfordernde Vorhaben mit enormen Kosten und auch mit einigen Opfern der Anwohner bzw. Grundeigent\u00fcmer verbunden ist, dar\u00fcber ist sich\u00a0der \u00f6rtliche Fu\u00dfballverein nat\u00fcrlich bewusst. Der Klub hofft jedoch angesichts des gro\u00dfen Interesses der Jugend\u00a0und auch durch die Bedeutung des Fu\u00dfballs in der gesundheitlichen Entwicklung der Kinder und Jugendlichen\u00a0auf breite Zustimmung in der Bev\u00f6lkerung \u2013<br \/>\nDAMIT DER BALL AUCH WEITERHIN ROLLT F\u00dcR DIE SCH\u00d6NSTE NEBENSACHE DER WELT<\/p>\n<div class='gallery'><dl class='gallery-item'>\n\t\t\t<dt class='gallery-icon landscape'>\n\t\t\t\t<a href='http:\/\/www.weinstrassesued.com\/wp-content\/uploads\/2011\/10\/19781.jpg'><img width=\"150\" height=\"150\" src=\"http:\/\/www.weinstrassesued.com\/wp-content\/uploads\/2011\/10\/19781-150x150.jpg\" class=\"attachment-thumbnail size-thumbnail\" alt=\"\" decoding=\"async\" loading=\"lazy\" aria-describedby=\"gallery-1-2929\" \/><\/a>\n\t\t\t<\/dt>\n\t\t\t\t<dd class='wp-caption-text gallery-caption' id='gallery-1-2929'>\n\t\t\t\t1978\n\t\t\t\t<\/dd><\/dl><dl class='gallery-item'>\n\t\t\t<dt class='gallery-icon landscape'>\n\t\t\t\t<a href='http:\/\/www.weinstrassesued.com\/wp-content\/uploads\/2011\/10\/1993-1.jpg'><img width=\"150\" height=\"150\" src=\"http:\/\/www.weinstrassesued.com\/wp-content\/uploads\/2011\/10\/1993-1-150x150.jpg\" class=\"attachment-thumbnail size-thumbnail\" alt=\"\" decoding=\"async\" loading=\"lazy\" aria-describedby=\"gallery-1-2930\" \/><\/a>\n\t\t\t<\/dt>\n\t\t\t\t<dd class='wp-caption-text gallery-caption' id='gallery-1-2930'>\n\t\t\t\t1993 \n\t\t\t\t<\/dd><\/dl><dl class='gallery-item'>\n\t\t\t<dt class='gallery-icon landscape'>\n\t\t\t\t<a href='http:\/\/www.weinstrassesued.com\/wp-content\/uploads\/2011\/10\/1993-2.jpg'><img width=\"150\" height=\"150\" src=\"http:\/\/www.weinstrassesued.com\/wp-content\/uploads\/2011\/10\/1993-2-150x150.jpg\" class=\"attachment-thumbnail size-thumbnail\" alt=\"\" decoding=\"async\" loading=\"lazy\" aria-describedby=\"gallery-1-2931\" \/><\/a>\n\t\t\t<\/dt>\n\t\t\t\t<dd class='wp-caption-text gallery-caption' id='gallery-1-2931'>\n\t\t\t\t1993 \n\t\t\t\t<\/dd><\/dl><br style=\"clear: both\" \/><dl class='gallery-item'>\n\t\t\t<dt class='gallery-icon landscape'>\n\t\t\t\t<a href='http:\/\/www.weinstrassesued.com\/wp-content\/uploads\/2011\/10\/Trib\u00fcne-alt-1.jpg'><img width=\"150\" height=\"150\" src=\"http:\/\/www.weinstrassesued.com\/wp-content\/uploads\/2011\/10\/Trib\u00fcne-alt-1-150x150.jpg\" class=\"attachment-thumbnail size-thumbnail\" alt=\"\" decoding=\"async\" loading=\"lazy\" aria-describedby=\"gallery-1-2966\" \/><\/a>\n\t\t\t<\/dt>\n\t\t\t\t<dd class='wp-caption-text gallery-caption' id='gallery-1-2966'>\n\t\t\t\tTrib\u00fcne alt &#8211; 2011\n\t\t\t\t<\/dd><\/dl><dl class='gallery-item'>\n\t\t\t<dt class='gallery-icon landscape'>\n\t\t\t\t<a href='http:\/\/www.weinstrassesued.com\/wp-content\/uploads\/2011\/10\/Umbauarbeit2.jpg'><img width=\"150\" height=\"150\" src=\"http:\/\/www.weinstrassesued.com\/wp-content\/uploads\/2011\/10\/Umbauarbeit2-150x150.jpg\" class=\"attachment-thumbnail size-thumbnail\" alt=\"\" decoding=\"async\" loading=\"lazy\" aria-describedby=\"gallery-1-2967\" \/><\/a>\n\t\t\t<\/dt>\n\t\t\t\t<dd class='wp-caption-text gallery-caption' id='gallery-1-2967'>\n\t\t\t\tUmbauarbeit 2011\n\t\t\t\t<\/dd><\/dl><dl class='gallery-item'>\n\t\t\t<dt class='gallery-icon landscape'>\n\t\t\t\t<a href='http:\/\/www.weinstrassesued.com\/wp-content\/uploads\/2011\/10\/Umbauarbeit4.jpg'><img width=\"150\" height=\"150\" src=\"http:\/\/www.weinstrassesued.com\/wp-content\/uploads\/2011\/10\/Umbauarbeit4-150x150.jpg\" class=\"attachment-thumbnail size-thumbnail\" alt=\"\" decoding=\"async\" loading=\"lazy\" aria-describedby=\"gallery-1-2968\" \/><\/a>\n\t\t\t<\/dt>\n\t\t\t\t<dd class='wp-caption-text gallery-caption' id='gallery-1-2968'>\n\t\t\t\tUmbauarbeit 2011\n\t\t\t\t<\/dd><\/dl><br style=\"clear: both\" \/><dl class='gallery-item'>\n\t\t\t<dt class='gallery-icon landscape'>\n\t\t\t\t<a href='http:\/\/www.weinstrassesued.com\/wp-content\/uploads\/2011\/10\/Sportanlage-neu.jpg'><img width=\"150\" height=\"150\" src=\"http:\/\/www.weinstrassesued.com\/wp-content\/uploads\/2011\/10\/Sportanlage-neu-150x150.jpg\" class=\"attachment-thumbnail size-thumbnail\" alt=\"\" decoding=\"async\" loading=\"lazy\" aria-describedby=\"gallery-1-2965\" \/><\/a>\n\t\t\t<\/dt>\n\t\t\t\t<dd class='wp-caption-text gallery-caption' id='gallery-1-2965'>\n\t\t\t\tSportanlage neu 2011\n\t\t\t\t<\/dd><\/dl><dl class='gallery-item'>\n\t\t\t<dt class='gallery-icon landscape'>\n\t\t\t\t<a href='http:\/\/www.weinstrassesued.com\/wp-content\/uploads\/2011\/10\/SPKurtatsch.jpg'><img width=\"150\" height=\"150\" src=\"http:\/\/www.weinstrassesued.com\/wp-content\/uploads\/2011\/10\/SPKurtatsch-150x150.jpg\" class=\"attachment-thumbnail size-thumbnail\" alt=\"\" decoding=\"async\" loading=\"lazy\" aria-describedby=\"gallery-1-2925\" \/><\/a>\n\t\t\t<\/dt>\n\t\t\t\t<dd class='wp-caption-text gallery-caption' id='gallery-1-2925'>\n\t\t\t\t2011\n\t\t\t\t<\/dd><\/dl>\n\t\t\t<br style='clear: both' \/>\n\t\t<\/div>\n\n","protected":false},"excerpt":{"rendered":"<p>Alles hatte seinen Anfang in den fr\u00fchen 50er Jahren. Als sich das Leben nach dem verheerenden 2. Weltkrieg wieder zu normalisieren begann, versp\u00fcrten einige Jugendliche, allen voran Peer Max und Pomella Erwin, die Lust den damals sehr an Popularit\u00e4t gewonnenen Sport Fu\u00dfball (Deutschland wurde \u201954 das erste Mal Weltmeister) auszu\u00fcben. [&hellip;]<\/p>\n","protected":false},"author":12,"featured_media":2929,"parent":0,"menu_order":0,"comment_status":"open","ping_status":"open","template":"","meta":[],"_links":{"self":[{"href":"http:\/\/www.weinstrassesued.com\/index.php?rest_route=\/wp\/v2\/pages\/2924"}],"collection":[{"href":"http:\/\/www.weinstrassesued.com\/index.php?rest_route=\/wp\/v2\/pages"}],"about":[{"href":"http:\/\/www.weinstrassesued.com\/index.php?rest_route=\/wp\/v2\/types\/page"}],"author":[{"embeddable":true,"href":"http:\/\/www.weinstrassesued.com\/index.php?rest_route=\/wp\/v2\/users\/12"}],"replies":[{"embeddable":true,"href":"http:\/\/www.weinstrassesued.com\/index.php?rest_route=%2Fwp%2Fv2%2Fcomments&post=2924"}],"version-history":[{"count":7,"href":"http:\/\/www.weinstrassesued.com\/index.php?rest_route=\/wp\/v2\/pages\/2924\/revisions"}],"predecessor-version":[{"id":2934,"href":"http:\/\/www.weinstrassesued.com\/index.php?rest_route=\/wp\/v2\/pages\/2924\/revisions\/2934"}],"wp:featuredmedia":[{"embeddable":true,"href":"http:\/\/www.weinstrassesued.com\/index.php?rest_route=\/wp\/v2\/media\/2929"}],"wp:attachment":[{"href":"http:\/\/www.weinstrassesued.com\/index.php?rest_route=%2Fwp%2Fv2%2Fmedia&parent=2924"}],"curies":[{"name":"wp","href":"https:\/\/api.w.org\/{rel}","templated":true}]}}