{"id":17179,"date":"2016-04-01T15:32:28","date_gmt":"2016-04-01T13:32:28","guid":{"rendered":"http:\/\/www.weinstrassesued.com\/?page_id=17179"},"modified":"2016-04-01T15:46:51","modified_gmt":"2016-04-01T13:46:51","slug":"bayern-trophy-2016-2","status":"publish","type":"page","link":"http:\/\/www.weinstrassesued.com\/?page_id=17179","title":{"rendered":"Bayern Trophy 2016"},"content":{"rendered":"<p style=\"text-align: justify;\">Internationales Turnier \u201eBayern Trophy\u201c gewonnen<\/p>\n<p style=\"text-align: justify;\">Ein etwas anderes Ostern als von zu Hause gewohnt, erlebten die Jungs unserer Juniorenmannschaft in diesem Jahr.<\/p>\n<p style=\"text-align: justify;\"><strong>Freitag: Anfahrt und Ankunft in M\u00fcnchen<\/strong><\/p>\n<p style=\"text-align: justify;\">Am Karfreitagmorgen startete die hoch motivierte Mannschaft, bestehend aus 10 Spielern und 4 Betreuern, mit einem renovierten kurtatscher Busunternehmen nach Neumarkt, dort stieg dann unsere sp\u00e4terer Elferkiller <a href=\"http:\/\/www.weinstrassesued.com\/wp-content\/uploads\/2015\/09\/Lukas-Vedovelli.jpg\">Lukas Vedovelli<\/a> zu, der Elfte im Bunde. Aus noch nicht n\u00e4her bekannten Gr\u00fcnden wurde auch ein Fahrertausch vollzogen, somit versp\u00e4tete sich die geplante Ankunftszeit in M\u00fcnchen. Nach einigen Ansprachen der Betreuer und gef\u00fchlten hundert \u201ePipi \u2013 Pausen\u201c erreichte das Team endlich sein Hotel, in der Landsbergerstra\u00dfe in Laim, M\u00fcnchen. Nach kurzem Akklimatisieren und einer genauen Besichtigung der umliegenden Lokale, l\u00f6sten die Jungs 3 Gruppentickets f\u00fcr die U-Bahn und verlie\u00dfen den Stadtteil in Richtung Marienplatz. Schon bald am Abend l\u00f6ste das deutschlandweite Tanzverbot in allen Diskotheken pure Entt\u00e4uschung aus. Der im Verh\u00e4ltnis fr\u00fche Gang zu Bette sollte sich allerdings positiv auf den Turnierverlauf auswirken.<\/p>\n<p style=\"text-align: justify;\"><strong>Samstag: Turnierbeginn und Tanzverbotende<\/strong><\/p>\n<p style=\"text-align: justify;\">Da jede Mannschaft unabh\u00e4ngig vom Turnierverlauf stets f\u00fcnf Spiele bestreiten musste, war f\u00fcr die Weinstra\u00dfe klar: sie mussten gewinnen; \u201edenn die Sieger spielen stets am Nachmittag, dies erm\u00f6glicht eine l\u00e4ngere Regenerationszeit\u201c, so der Kapit\u00e4n <a href=\"http:\/\/www.weinstrassesued.com\/wp-content\/uploads\/2015\/09\/Michael-Mair.jpg\">Mair Michael<\/a>. Hatte er diese wirklich so n\u00f6tig? Das wei\u00df wohl nur er und der liebe Gott.<br \/>\nDie Sportanlage des SV Heimstetten zeigte die M\u00f6glichkeiten der Rasenpflege f\u00fcr einen Amateursportverein auf. Der Weg zu dieser ist allerdings lang und beschwerlich (5 Gehminuten von der Stra\u00dfenbahnhaltestelle entfernt), dies sollte dem Team sp\u00e4ter nicht behagen. Doch keine Zeit zum Nachdenken, denn es musste schnell gehen, der Terminplan war eng. Zu alledem kam die gro\u00dfe \u00dcberraschung des Turniers ziemlich kurzfristig auf die Spieler zu, <a href=\"http:\/\/www.weinstrassesued.com\/wp-content\/uploads\/2015\/09\/Jonas-Eschgf\u00e4ller.jpg\">Jonas Eschgf\u00e4ller<\/a> sollte n\u00e4mlich das Zepter in die Hand nehmen und v\u00f6llig ohne Erfahrung die Mannschaft taktisch sowie personell einstellen. Es ist bekanntlich noch kein Meister vom Himmel gefallen und als die Mannschaft im ersten Spiel, gegen den Gastgeber, einen Gegentreffer bekam, stellte der deb\u00fctierende Coach das System um: 3 \u2013 4 \u2013 3. Ein taktischer Fehlgriff, welcher trotz einer Runde M\u00fcnchner Wei\u00dfbier nach dem Spiel und der 3 \u2013 0 Schlappe, heute noch in den K\u00f6pfen der Spieler steckt. Doch es gab nun reichlichen Ratschlag des \u201eEx-Misters\u201c <a href=\"http:\/\/www.weinstrassesued.com\/wp-content\/uploads\/2015\/09\/Giancarlo-RomaninTrainer1.jpg\">Giancarlo Romanin<\/a> und somit konnte das zweite und letzte Gruppenspiel dank einer \u00fcberragenden Leistung gewonnen werden. Siegreich, doch etwas gl\u00fccklicher war, das noch am selben Abend stattfindende Viertelfinale gegen die Juniorenmannschaft aus Vallagarina. Dieser, doch \u00fcberraschende Erfolg sollte am Abend noch eindringlich gefeiert werden, und das Tanzverbotende wurde voll ausgenutzt. Nach Schlager und Hip \u2013 Hop im Club waren die Jungs p\u00fcnktlich zum Fr\u00fchst\u00fcck wieder im Hotel, doch man entschied sich dagegen und g\u00f6nnte sich eine M\u00fctze Schlaf.<\/p>\n<p style=\"text-align: justify;\"><strong>Sonntag: Alte Bekannte und neue Freunde<\/strong><\/p>\n<p style=\"text-align: justify;\">Revanche und ein sicheres Spiel ohne Risiko war gefragt, als das Team im Halbfinale \u201ealte Bekannte\u201c traf: Der SV Heimstetten war vielleicht etwas zu siegessicher, doch sie machten die Rechnung ohne die Nachgereisten Starspieler <a href=\"http:\/\/www.weinstrassesued.com\/wp-content\/uploads\/2015\/11\/Alen-Zwerger.jpg\">Allen Zwerger<\/a> und <a href=\"http:\/\/www.weinstrassesued.com\/wp-content\/uploads\/2015\/09\/Simon-Sanoll.jpg\">Simon Sanoll<\/a>. Ein Augenschmankerl f\u00fcr Taktiker und Effizienzfanatiker bahnte sich an, denn die taktische Marschroute hie\u00df ab nun: \u201eHoch und weit bringt Sicherheit\u201c. Die einzigen Torchancen des Spiels nutzte Allen eiskalt aus und so konnte man verdienterma\u00dfen ins Finale einziehen. Der Jubelgesang \u201eFinaaaallleeee oooooohhhhhhhoooo Finaaaallleeee\u201c vom Doppeltorsch\u00fctzen in der 15. Spielminute gab der Mannschaft nochmals die Kraft jeden Ball so weit als m\u00f6glich vom eigenen Tor weg zu halten. Doch man sah faire Verlierer, die sich an der Art und Spielweise unserer Jungs erfreuten und die heute stolz unsere Freunde genannt werden k\u00f6nnen. Im Finale bildeten sie sogar eine Art S\u00fcdkurve alla Allianz Arena.<br \/>\nVom Wei\u00dfbier gest\u00e4rkt schritten Trainer und Spieler ins Stadion der Sportanlage, zu ihrem ersten und hoffentlich nicht letztem Finale dieser Saison. Ohne eine Entscheidung ging es nach einem m\u00fcden Kick nach 25 Minuten allerdings ins Elfmeterschie\u00dfen. Der eingangs erw\u00e4hnte <a href=\"http:\/\/www.weinstrassesued.com\/wp-content\/uploads\/2015\/09\/Lukas-Vedovelli.jpg\">Lukas Vedovelli<\/a> konnte trotz seiner \u00fcberschaubaren Gr\u00f6\u00dfe (im wahrsten Sinne des Wortes, man \u00fcbersieht ihn leicht) einen perfekt platzierten Elfmeter aus dem rechten oberen Kreuzeck fischen und stellt nun eine wahre Alternative zum leider verhinderten Stammtorh\u00fcter dar. Seine F\u00e4higkeiten im Mittelfeld w\u00fcrden wohl angesichts der Wegknalltaktik nicht vermisst. Auf Publikumslieblingsseite behielten <a href=\"http:\/\/www.weinstrassesued.com\/wp-content\/uploads\/2015\/09\/Julian-Geier.jpg\">Julian Geier<\/a>, <a href=\"http:\/\/www.weinstrassesued.com\/wp-content\/uploads\/2015\/09\/Simon-Sanoll.jpg\">Simon Sanoll<\/a> (nach einem Schluck Wei\u00dfbier), <a href=\"http:\/\/www.weinstrassesued.com\/wp-content\/uploads\/2015\/09\/Ivan-Strobl.jpg\">Ivan Strobl<\/a>, <a href=\"http:\/\/www.weinstrassesued.com\/wp-content\/uploads\/2015\/03\/Philipp-Walter.jpg\">Phillip Walter <\/a>und Mister Bombastisch Allen Zwerger die Nerven. Simon imitierte bei seinem Schuss einen Vollprofi mit Vollbart und lupfte den Ball frech in die Mitte und lie\u00df dem Keeper damit keine Chance.<\/p>\n<p style=\"text-align: justify;\">Der Turniersieg war damit klar und bei der Preisverleihung ereilte unserem Winnetou -Idol <a href=\"http:\/\/www.weinstrassesued.com\/wp-content\/uploads\/2015\/09\/Sebastian-Dametto.jpg\">Sebastian Dametto<\/a>, trotz verschossenem Elfmeter im ersten Spiel, die gr\u00f6\u00dfte pers\u00f6nliche Ehre; er wurde n\u00e4mlich zum besten Spieler des Turniers gekr\u00f6nt. Einige gegorene Malztropfen mit den neuen Freunden des SV Heimstetten sp\u00e4ter, verabschiedete sich die Mannschaft in Richtung Innenstadt, wo zum letzten Mal die Partykeule geschwungen wurde. Kommentar und Berichterstattung, des angesprochenen Abends erfolgt ausschlie\u00dflich durch m\u00fcndliche \u00dcberlieferungen.<\/p>\n<p style=\"text-align: justify;\"><strong>Montag: der schlafende Bus<\/strong><\/p>\n<p style=\"text-align: justify;\">Die Zeitverschiebung vom Ostersamstag auf Ostersonntag machte den Jungs sichtlich auch noch am Ostermontag zu schaffen, deshalb und nur deshalb, schliefen alle Personen, mit Ausnahme des Busfahrers w\u00e4hrend der gesamten Heimfahrt.<\/p>\n<p style=\"text-align: justify;\"><a href=\"http:\/\/www.bayerntrophy.de\/\">Bayern Trophy 2016<\/a><\/p>\n<p style=\"text-align: justify;\">\n","protected":false},"excerpt":{"rendered":"<p>Internationales Turnier \u201eBayern Trophy\u201c gewonnen Ein etwas anderes Ostern als von zu Hause gewohnt, erlebten die Jungs unserer Juniorenmannschaft in diesem Jahr. Freitag: Anfahrt und Ankunft in M\u00fcnchen Am Karfreitagmorgen startete die hoch motivierte Mannschaft, bestehend aus 10 Spielern und 4 Betreuern, mit einem renovierten kurtatscher Busunternehmen nach Neumarkt, dort [&hellip;]<\/p>\n","protected":false},"author":12,"featured_media":17175,"parent":0,"menu_order":0,"comment_status":"closed","ping_status":"closed","template":"","meta":[],"_links":{"self":[{"href":"http:\/\/www.weinstrassesued.com\/index.php?rest_route=\/wp\/v2\/pages\/17179"}],"collection":[{"href":"http:\/\/www.weinstrassesued.com\/index.php?rest_route=\/wp\/v2\/pages"}],"about":[{"href":"http:\/\/www.weinstrassesued.com\/index.php?rest_route=\/wp\/v2\/types\/page"}],"author":[{"embeddable":true,"href":"http:\/\/www.weinstrassesued.com\/index.php?rest_route=\/wp\/v2\/users\/12"}],"replies":[{"embeddable":true,"href":"http:\/\/www.weinstrassesued.com\/index.php?rest_route=%2Fwp%2Fv2%2Fcomments&post=17179"}],"version-history":[{"count":5,"href":"http:\/\/www.weinstrassesued.com\/index.php?rest_route=\/wp\/v2\/pages\/17179\/revisions"}],"predecessor-version":[{"id":17186,"href":"http:\/\/www.weinstrassesued.com\/index.php?rest_route=\/wp\/v2\/pages\/17179\/revisions\/17186"}],"wp:featuredmedia":[{"embeddable":true,"href":"http:\/\/www.weinstrassesued.com\/index.php?rest_route=\/wp\/v2\/media\/17175"}],"wp:attachment":[{"href":"http:\/\/www.weinstrassesued.com\/index.php?rest_route=%2Fwp%2Fv2%2Fmedia&parent=17179"}],"curies":[{"name":"wp","href":"https:\/\/api.w.org\/{rel}","templated":true}]}}